, 5*f = -v*b + 188. Calculate the remainder when f is divided by 13.
11
Let w = 56 + -30. Calculate the remainder when w is divided by 4.
2
Let u = 32 + -20. What is the remainder when 47 is divided by u?
11
Suppose -3*y = -a + 12, 2*a + 2*y = -a + 58. Calculate the remainder when a is divided by 4.
2
Suppose 0 = -2*c - 3*w + 56, 5*c + w + 32 = 198. Let d be ((-2)/(-3))/((-4)/6). What is the remainder when c is divided by (d - -1 - 2)*-6?
10
Suppose s + 1 = -3*p - 18, -57 = 5*s - 4*p. Let z = 28 + s. Calculate the remainder when z is divided by 9.
6
Suppose -3*g - 2*d = -96, -g = 2*d - 3*d - 32. Let i = 14 + 8. Suppose 3*w - i = w. What is the remainder when g is divided by w?
10
Suppose -59 = 2*l + 5*y, 22 = -3*l + 4*y - 101. Let d = l - -69. Calculate the remainder when d is divided by 17.
15
Let p = 103 - 2. Calculate the remainder when p is divided by 17.
16
Let z(u) = -4*u + 35. What is the remainder when z(6) is divided by 1?
0
Suppose -42*c + 34*c = -104. What is the remainder when 64 is divided by c?
12
Calculate the remainder when 5 - 2 - (-3 - 4/(-2)) is divided by 2.
0
Suppose -5*f - z = -252, -z + 5*z = 3*f - 165. Let m be (-1)/4 + (-68)/(-16). Suppose -9 - m = -s. Calculate the remainder when f is divided by s.
12
Let z(f) = 18*f + 1. Suppose 5*v - 21 = -3*b + 3*v, 4*b = -4*v + 28. What is the remainder when z(1) is divided by b?
5
Suppose -2*s = -2*w + 32 + 12, -2*w = -5*s - 56. What is the remainder when 50 is divided by w?
14
Suppose -4*p = 2*b - 62, -4*b + 124 = 6*p - 2*p. Suppose -2*i + 1 = -1. What is the remainder when b is divided by (22/(-8))/(i/(-4))?
9
Suppose 5*x - 13 = 4*b, -3*x - 6*b = -4*b - 21. Suppose 2*m = m - 6. Let s = 1 - m. What is the remainder when s is divided by x?
2
Let h(d) = -d**3 - 7*d**2 + 18*d + 17. What is the remainder when h(-9) is divided by 10?
7
Suppose -2*g + 10 = -6. Calculate the remainder when 23 is divided by g.
7
Suppose -18*g + 497 = -11*g. What is the remainder when g is divided by 19?
14
Let d be ((-6)/9)/((-2)/6). Suppose q + d = 2*w, -w + 7 = 3*q - 22. What is the remainder when 15 is divided by q?
7
Let r(o) = 3*o**2 + 5*o - 3. What is the remainder when r(-5) is divided by 12?
11
Suppose -10 + 0 = -2*c. Suppose 0*r = 4*r - 3*j - 20, -2*r + c*j + 24 = 0. What is the remainder when 2 is divided by r?
0
Suppose -4*j - 4*w - 16 = 0, 0*j - 4*j = -3*w + 2. Let q(v) = -3*v**3 - v**2 - 1. Suppose -89 - 19 = -3*k. Calculate the remainder when k is divided by q(j).
17
Let i = -1 - -1. Let r be i + 1 + 46 + -1. Suppose -r = -3*l + 23. What is the remainder when l is divided by 12?
11
Let t(m) = -3*m**2 - 4*m + 1. Let i(u) = 2*u**2 - u**2 + 0*u**2. Let d(o) = 5*i(o) + t(o). What is the remainder when d(4) is divided by 6?
5
Let c = -29 + 47. Let o(l) = -11*l + 1. Let u be o(-3). Suppose -p - 55 - 13 = -2*k, -u = -k + 4*p. What is the remainder when k is divided by c?
16
Let c be (-3)/(-27)*3*9. Suppose m - c = -0*m. Calculate the remainder when 7 is divided by m.
1
Suppose -4*o - o + 55 = 0. Suppose 4*b + 4*s - 140 = 0, 3*b - 2*s + 3*s = 103. Suppose b + 42 = 4*k. What is the remainder when k is divided by o?
8
Suppose c - 585 = -8*s + 3*s, s - 113 = -c. What is the remainder when s is divided by 20?
18
Let v(s) = -s**2 + 8*s - 7. Let q = 16 + -8. Suppose 4 + q = 4*j. Calculate the remainder when v(3) is divided by j.
2
Suppose 2*d - 1 - 13 = 0. Calculate the remainder when 12 is divided by d.
5
Suppose 6*o - 3*o - 18 = 0. Suppose w + 47 = 3*w + 5*r, 0 = -5*w - 5*r + 95. Calculate the remainder when w is divided by o.
4
Let a(o) = 4 - 2*o**2 + o**2 - 6*o + 0*o**2. What is the remainder when 15 is divided by a(-5)?
6
Let u be (0 - 28/6)*-3. Suppose 2*p + u = 38. Suppose 3*a = -3 + p. What is the remainder when 8 is divided by a?
2
Suppose 0 = 2*s - 22*s + 600. Calculate the remainder when s is divided by 11.
8
Suppose -4*p + 3 = 19. Let u(o) = -4*o**2 - o + 5. Let x(c) = 2*c**2 + c - 2. Let q(z) = 4*u(z) + 10*x(z). What is the remainder when q(p) is divided by 14?
12
Let a = 221 - 154. What is the remainder when a is divided by 10?
7
Calculate the remainder when (3/(-2))/((-2)/12) is divided by 6.
3
Let p be (4 + 2)*80/12. Let i = p + -25. Calculate the remainder when i is divided by 9.
6
Let s(i) = -3*i - 6. Calculate the remainder when -1 - -25 - (-4 - -4) is divided by s(-5).
6
Suppose -3*i = -62 - 13. Let s = -13 + i. What is the remainder when s is divided by 5?
2
Let h be (8/(-5))/(8/(-20)). Suppose -c - 19 = -2*d, h*c - 6*c - 48 = -5*d. Suppose 3*q - 3 - 84 = 0. What is the remainder when q is divided by d?
9
Let h = -1 + 5. Suppose h*w - 46 = 54. What is the remainder when w is divided by 7?
4
Suppose -d + 9 = 4. What is the remainder when 13 is divided by d?
3
Suppose -v - 4*y - 6 = 4*v, y = -2*v. Calculate the remainder when 5 is divided by v.
1
Let l = -15 - -20. What is the remainder when 6 is divided by l?
1
Let z(i) = -i**3 - 20*i**2 - 25*i - 21. Calculate the remainder when z(-19) is divided by 19.
17
Let j = 74 - 48. Let s be j/7 - 6/(-21). Suppose -5*z - s*x + 231 = 0, -3*x - 237 = -5*z - x. Calculate the remainder when z is divided by 16.
15
Calculate the remainder when (-318)/(-10) - (-8)/40 is divided by 11.
10
Let d = -62 - -108. Suppose 7 = 3*q - a, 3*q + 5*a + 9 - d = 0. What is the remainder when 6 is divided by q?
2
Suppose 30 = 3*q + 5*y, 0*y - 2*y = -5*q + 81. Suppose -7*u = -441 + 133. Calculate the remainder when u is divided by q.
14
Let h be (6/4)/(1/18). Suppose -f = -h + 11. Calculate the remainder when 44 is divided by f.
12
Suppose 70 = 2*u + 3*a, 125 = 5*u - 9*a + 4*a. Suppose 2*v - 5*v + 168 = 0. Calculate the remainder when v is divided by u.
27
Suppose 0 = 4*c + 58 - 426. Suppose k = 3*p - c, 28 = 4*p - 3*p - 3*k. What is the remainder when p is divided by 11?
9
Let u = -26 + 48. What is the remainder when 7 is divided by 16/6*33/u?
3
Suppose 4*f - 11 = 1. Suppose 4*v = 2*l + 24, -4*v + 2*l = -f*l - 36. Calculate the remainder when v is divided by (-1)/(-4) + 11/4.
1
Suppose 0 = 3*j - 3*k - k - 36, -2*j + 44 = 4*k. Calculate the remainder when 31 is divided by j.
15
Let c(w) = 6*w**2 - w - 1. Suppose 5*i = -4*y + 27, 5*i - 4*i - 47 = -4*y. Suppose m = y - 2. What is the remainder when m is divided by c(-1)?
5
Suppose -24 = -3*p + 189. Suppose v = -0*v - h - 7, 3*v - 4*h = 7. Calculate the remainder when p is divided by (v + 4)/(2/48).
23
Suppose -15*a + 28*a - 65 = 0. Calculate the remainder when a is divided by 1.
0
Suppose -6*f + 2*f = -60. What is the remainder when (-3)/12*172/(-1) is divided by f?
13
Let y = 7 + -8. Suppose -3*g - g = -24. Calculate the remainder when g is divided by y + 2 + (-3)/(-1).
2
Calculate the remainder when 61 is divided by (-9)/(-7)*84/18.
1
Suppose 4 - 10 = -3*b. Let o(p) = 10*p - 3. What is the remainder when o(b) is divided by 9?
8
Suppose 5*n - 119 = -4*g, g + 67 = 3*n - g. Calculate the remainder when n is divided by 5.
3
Let r = -38 + 53. Calculate the remainder when 24 is divided by r.
9
Let c(h) be the second derivative of -h**5/20 + h**4/12 + h**3/6 + 7*h**2 + 5*h. What is the remainder when 26 is divided by c(0)?
12
What is the remainder when 15 is divided by 3 - (2/(-4))/(4/(-8))?
1
Suppose -3*r - 35 = -5*w, -5*r + 5*w - 35 = 40. Let g = 37 + r. What is the remainder when g is divided by 5?
2
Let m(a) = 31*a**2 + 4*a + 2. Calculate the remainder when m(-1) is divided by 5.
4
Suppose 42*i = 43*i - 173. Calculate the remainder when i is divided by 29.
28
Let p = -2 - 4. Let b = 19 + p. Calculate the remainder when b is divided by 8.
5
Let p(k) = k**3 - 10*k**2 + k - 2. Calculate the remainder when 30*((-3)/3)/(-2) is divided by p(10).
7
Suppose -6*d - 126 = -13*d. Calculate the remainder when 82 is divided by d.
10
Let u(t) = -t**2 - 29*t - 195. Suppose -3*m = -6*m + 102. Calculate the remainder when m is divided by u(-17).
7
Let i = 33 - 30. Calculate the remainder when 10 is divided by i.
1
Let d(y) = -20*y - 1. What is the remainder when d(-1) is divided by (2 - (-1 + 2))*7?
5
Suppose 13*l - 141 = 886. Calculate the remainder when l is divided by 28.
23
Let d(t) = t**3 + 2*t**2 - 3*t - 3. Let m(y) = -y**3 - 4*y**2 + 7*y + 7. Let c(h) = -5*d(h) - 2*m(h). What is the remainder when c(-3) is divided by 32?
29
